3*k + t = -2*j. What is the highest common factor of k and 19?
19
Suppose -5*p - 4250 = -5*s, -62*p = -67*p. What is the highest common factor of s and 34?
34
Suppose -2*d - 310 = -5*h, 0 = h - d - 33 - 32. Let f be 44/(-33)*(-18)/1. What is the highest common divisor of f and h?
12
Let k(l) = 2*l**3 + 19*l**2 + 6*l - 18. Let d be k(-9). What is the greatest common divisor of 1017 and d?
9
Let o = -17 + 27. Let z be ((4 - 4)/1)/1. Suppose -j = -z - 15. Calculate the highest common divisor of o and j.
5
Suppose 11*g = 12 + 32. Let t be g/2 - 5/(5/(-6)). Let b = -1 - -5. Calculate the greatest common divisor of t and b.
4
Let v(t) = 2*t**2 - 4*t + 3. Suppose -4*q - 5*k + 3 = -5, 4*q - 8 = k. Let r be v(q). Calculate the highest common divisor of r and 2.
1
Suppose 14 = -4*p - 2*m + 8, -5*p - 3*m - 7 = 0. Suppose 4*x + 44 = 5*x. Let k be p + x/2 - -3. Calculate the highest common divisor of 115 and k.
23
Let g(d) = d**3 - 24*d**2 + 89*d - 178. Let y be g(20). Let m(c) = c**3 - 3*c**2 + 2. Let h be m(3). Calculate the highest common factor of y and h.
2
Suppose 11 = q - 30. Suppose -3*j + 1 = -11, -3*p + q = 2*j. What is the highest common factor of 33 and p?
11
Let f(l) = 2*l**2 - 69*l + 47. Let b be f(34). What is the greatest common divisor of 559 and b?
13
Let l(m) = -2*m**2 - 19*m - 14. Let w(j) = 5*j**2 + 58*j + 43. Let s(y) = -8*l(y) - 3*w(y). Let z be s(23). What is the greatest common factor of z and 9?
3
Let p(o) = 2*o + 13. Let m be 3 + (-6 - (0 + 3)). Let y be p(m). Calculate the highest common factor of 9 and y.
1
Let c(r) = -r + 12. Let k(z) = z**3 + z**2 + 3*z - 16. Let d be k(0). Let w be c(d). What is the highest common factor of 70 and w?
14
Let w be 2 - (4 + -13)/3. Suppose -3*m - 3*b + 0*b = -3, -25 = w*b. What is the highest common divisor of 54 and m?
6
Let f(l) = -l. Let t be f(-2). Suppose -y - v - 8 = 0, 3*y + 2*y = -t*v - 28. Let z = y - -8. What is the highest common factor of z and 4?
4
Let w = 224 + -197. What is the greatest common factor of 21 and w?
3
Suppose -4*m + u + 20 = 0, -5*m + 7 = -u - 18. Suppose 2*b + 104 = 4*b + 4*c, -m*b - 2*c = -220. Calculate the highest common factor of b and 6.
6
Let m = 22 - 33. Suppose 0*z + 2*z = 2*v + 120, 2*v - 5*z = -123. Let q = m - v. What is the highest common factor of 16 and q?
16
Suppose -37 = -j - 2*m, 47*j = 51*j - 3*m - 126. What is the greatest common factor of 1551 and j?
33
Suppose -13*a + 31815 - 10703 = 0. Calculate the greatest common divisor of 56 and a.
56
Let z(d) = 8*d + 1. Let r be z(-1). Let q be (r + 5 + 9)/1. What is the highest common factor of q and 56?
7
Let z = 76 - 23. Let i = z - 48. What is the greatest common divisor of 5 and i?
5
Suppose -6*v + 3*v = 12. Let c = 59 - v. Let r be 9/36 - (-27)/4. What is the greatest common factor of c and r?
7
Let t(j) = -6*j - 4. Let y(a) = -a - 1. Let o(s) = t(s) - 5*y(s). Let r be o(-3). Let m = r + 24. Calculate the highest common divisor of 70 and m.
14
Let z(p) = 103*p**3 - 6*p**2 + 6*p - 1. Let w be z(1). What is the greatest common factor of w and 9?
3
Suppose 37 = 7*x - 75. Let f(a) = -60*a - 1. Let g be f(-1). Let r = g - -69. Calculate the highest common factor of x and r.
16
Let n = -167 + 198. Suppose 4*a - 2*u = 118, 5*u = -6 + 1. Let g = n - a. What is the greatest common factor of g and 22?
2
Let f(c) be the second derivative of -7*c**3/3 - 15*c**2 + 27*c. Let h be f(-6). Calculate the highest common factor of h and 6.
6
Suppose 10 = -4*n - n. Let a(o) be the first derivative of o**4/4 + o**3 + 3*o**2/2 + 4*o - 25. Let y be a(n). Calculate the greatest common factor of y and 18.
2
Let c be 1128/14 + (-52)/91. Calculate the greatest common factor of 5 and c.
5
Let b = 32 - -72. What is the greatest common factor of b and 78?
26
Let z = -156 + 159. Suppose -a - r + 0*r + 18 = 0, 5*a - 98 = -z*r. What is the greatest common divisor of a and 198?
22
Let y(z) = 2*z + 21. Let d be y(-15). Let k(m) = m**2 + 4*m + 11. Let u be k(d). What is the highest common divisor of 14 and u?
14
Let u be (18/180)/(2/15)*396. Suppose 58*x - 59*x = -u. What is the greatest common divisor of x and 33?
33
Let g = -13 - -5. Let a(d) be the third derivative of -d**4/12 - 5*d**3/3 + 2*d**2. Let w be a(g). Calculate the greatest common factor of w and 24.
6
Suppose 9*d - 3*d - 72 = 0. Suppose -o + 24 = o. Calculate the greatest common factor of d and o.
12
Suppose 0 = 14*n - 204 - 230. What is the highest common factor of n and 341?
31
Suppose 4*i + 0*i = 20. Suppose -3*u - 39 = -w, u + 3*u + i*w = -52. Let g be u/(-39) - (-34)/6. Calculate the greatest common divisor of 15 and g.
3
Let i = 14 + -18. Let d be ((-63)/12)/(1/i). Suppose d - 5 = 4*g. Calculate the greatest common factor of g and 36.
4
Let x be (2/(-8) + 296/32)/1. Suppose -u + 12 = 3*m, 4*m + 112 = 4*u - 0*u. What is the greatest common factor of x and u?
3
Suppose -6*r = -4*r + 30. Let v = r - -45. Suppose -z - v = -6*z. What is the greatest common factor of 36 and z?
6
Let a be 83 + 40/(-18) + 6/27. Suppose i - 4 = 23. What is the highest common factor of a and i?
27
Suppose j - 5*a + 24 = -34, -a = 5*j + 394. Let w = 93 + j. Suppose 3*k - b = 224, 229 = 3*k - 0*k + 4*b. Calculate the greatest common divisor of w and k.
15
Suppose -12*l = -2*l - 120. Suppose l*j - 9*j - 324 = 0. What is the greatest common factor of j and 18?
18
Let c be (-2)/(4/(-25)*5/2). Let a be (45/6)/(c/10). Calculate the highest common factor of a and 6.
3
Suppose -2*n + 2*b - 4*b = -514, 1325 = 5*n - 5*b. What is the greatest common divisor of n and 29?
29
Suppose 2*z = -3 + 9. Let h = 0 + 3. Suppose 3*m = y - z, -y - m - h = -6*m. What is the greatest common divisor of 84 and y?
12
Let c = 18 - -8. Suppose 3*d = -20 + 23. Let s be (9/4 + d)/((-1)/(-8)). What is the highest common divisor of c and s?
26
Let c be 9/(-15) + (-7)/((-140)/552). Calculate the greatest common factor of 27 and c.
27
Let n = -79 + 204. Calculate the greatest common factor of n and 15.
5
Suppose 13*h - 286 = -0*h. What is the greatest common divisor of 4 and h?
2
Let u(z) = 4*z**2 - 6*z + 7. Let n be u(3). Suppose 18*p - 13*p - 25 = 0. Calculate the greatest common factor of n and p.
5
Let s(u) = 4*u - 9. Let v be s(3). Suppose v*q - 52 = q. Let b be 2/(-13) + 628/q. What is the greatest common divisor of 3 and b?
3
Suppose -2*r - 164 = 5*f - 6*f, 2*f = 3*r + 327. What is the highest common divisor of f and 405?
81
Suppose k - 2*m = -1, k + 11 = 4*k + m. Suppose 3*j + 5*d = 94, -2*j + 64 = -d - k. Let n = 9 + 13. What is the greatest common divisor of n and j?
11
Let y(x) = 13*x - 194. Let p be y(26). Calculate the highest common divisor of 27 and p.
9
Let f(y) = -y - 6. Let l be f(12). Let t = l + 66. Calculate the highest common factor of 120 and t.
24
Suppose -s - 6 = -5*o + 4, s = 5. Suppose 3*v = o*x + 1083, 7*x - 4*x - 1095 = -3*v. Calculate the highest common divisor of v and 33.
33
Suppose -143 - 221 = -4*o + w, 3*o + 3*w = 288. Calculate the greatest common factor of o and 230.
46
Let w(l) = -63*l**3 - 2*l**2 - 2*l. Let b be w(-1). What is the highest common factor of 2016 and b?
63
Let j(g) = g**3 + g**2 - g - 1. Let a be j(1). Let d be a + (4 - 2) + 18. What is the highest common divisor of 180 and d?
20
Suppose -13 = -f - 0*f. Let a = -1745 + 1810. What is the greatest common divisor of f and a?
13
Suppose j - 10*z + 13*z - 42 = 0, 0 = 3*j + 3*z - 108. What is the greatest common divisor of 66 and j?
33
Let r(y) = y**2 - 4*y + 24. Let k be r(7). What is the highest common factor of 495 and k?
45
Let v = -58 + 115. Let c(t) = -t - 11. Let r be c(14). Let s = r + 63. What is the greatest common divisor of s and v?
19
Let k = 82 + -82. Suppose 5*b - 211 = -3*s + 14, k = -4*b + 3*s + 180. Calculate the greatest common divisor of b and 9.
9
Suppose a = -h - 0 - 2, -5*a + 2*h + 4 = 0. Suppose 304 = 2*r + 5*i, 4*r - 4*i - i - 608 = a. Let s = r - 107. Calculate the greatest common divisor of 9 and s.
9
Let l(x) be the first derivative of x**4/4 + 2*x**3 - 3*x**2 + 10*x + 1. Let a be l(-7). Calculate the greatest common divisor of 3 and a.
3
Let d = 6 + -4. Suppose -v - 999 = -5*x, -d*x + 0*v = -4*v - 396. Suppose -5*b = -9 - 116. Calculate the highest common divisor of x and b.
25
Suppose 20*z - 196 = 